11 = 26. Calculate the remainder when f is divided by s.
10
Suppose 174*x - 24 = 151*x - 1. What is the remainder when 352 is divided by x?
0
Let q = 39 - 18. Let r(n) = n**3 + 24*n**2 - 129*n - 37. What is the remainder when r(6) is divided by q?
17
Suppose 0*w - 840 = -4*w. Let x(f) = f**3 - 13*f**2 - 87*f - 34. What is the remainder when w is divided by x(18)?
10
Let g(d) = 10*d**2 + 4*d - 86. What is the remainder when g(11) is divided by 6?
4
Let d be ((-3)/15*-2)/(1/120). Suppose -5*n + d + 17 = 0. Let y(s) = s**3 - 14*s**2 + 15*s - 18. What is the remainder when y(n) is divided by 4?
0
Let a = -6997 - -42154. What is the remainder when a is divided by 24?
21
Suppose -x = -19 - 16. Suppose 7*d - 12 = 9. Suppose 2*y + 2*y = 16, -5*y = -d*m + 394. Calculate the remainder when m is divided by x.
33
Suppose 4*q + q + 3*x - 2 = 0, 5*x = 4*q - 9. Suppose 0*k = -2*k + 138. What is the remainder when k is divided by (11 + -2 + -2)/q?
6
Let p(d) = -d**3 + 11*d**2 - 28*d + 19. Calculate the remainder when 303 is divided by p(7).
18
Suppose 0 = 89*p - 88*p - 2*y - 37, 0 = -4*p - 5*y + 109. What is the remainder when 351 is divided by p?
10
Suppose -1686*b + 1691*b = -3*v + 4391, 0 = -4*v + b + 5801. Calculate the remainder when v is divided by 85.
7
Let h be 1/(-2) - (-70135)/166. Let a = 451 - h. What is the remainder when 1012 is divided by a?
26
Suppose -695 = -18*u - 11. What is the remainder when 156 is divided by u?
4
Let h(s) = s + 59. Let r be h(-48). Suppose 0 = 26*v - r*v - 2265. Calculate the remainder when v is divided by 51.
49
What is the remainder when 1102 is divided by 10/(-1) + (-3366)/(-153)?
10
Suppose 285944 = 9*f + 11*f + 42*f. Calculate the remainder when f is divided by 15.
7
Suppose -18*u + 16*u = -10. Let c(y) = u*y + 1 - 7 - 25*y. What is the remainder when c(-2) is divided by 19?
15
Suppose 5*m - 2*z - 453 = 0, -3*z - 33 - 55 = -m. Calculate the remainder when m is divided by (-3)/9 - 316/(-12).
13
Let x = -3380 + 3453. What is the remainder when 83 is divided by x?
10
Suppose z - 14 = -5*j + 33, 2*j - 10 = 4*z. Suppose 0 = -3*i + 2*t + 460, 4*i + 5*t - 125 = 3*i. Calculate the remainder when i is divided by j.
6
Suppose 64*k - 70 = 78*k. What is the remainder when (k/2)/(29/(-754)) is divided by 61?
4
Suppose -16153 + 3332 = -274*s + 24991. Calculate the remainder when 322 is divided by s.
46
Suppose -2*a = -3*f - 118, -303 = 3*f - 291. Suppose 3*g - 38 = 7. Calculate the remainder when a is divided by g.
8
Let k = 26 - 0. Calculate the remainder when k*2 + 0*(-2)/(-6) is divided by (-3)/6 + (-3)/((-18)/33).
2
Suppose -4*o + 115 = -101. Let f = -55395 + 55407. What is the remainder when o is divided by f?
6
Suppose 358 = 36*k + 34. Let i(x) = 25*x - 107. What is the remainder when i(5) is divided by k?
0
Suppose 0 = 55*f - 53*f - 52. Suppose 0 = 5*z - 2*q - 113, 4*q + 37 = f*z - 25*z. Calculate the remainder when z is divided by 8.
5
Let u(v) = -78*v + 826. What is the remainder when u(7) is divided by 58?
48
Let v be (-7 - (-366)/54) + (-1312)/9. Let q = v + 174. What is the remainder when q is divided by 11?
6
What is the remainder when 463 + 42/(-12)*(-2 + 52/14) is divided by 154?
149
Calculate the remainder when (-4)/(-14) - (-1 + 8084/(-28)) is divided by 68.
18
Let b = -547 - -29957. What is the remainder when b is divided by 342?
340
Let r = 118 + -110. Suppose 2*k = 3*u + 81, -2*k + 86 = -r*u + 6*u. Let q(z) = 5*z**2 + 2*z + 1. What is the remainder when k is divided by q(-2)?
14
Suppose 3*o + 8*o = 198. Suppose 0 = -3*t + 1 - 1. Suppose t*f + 184 = 2*f + 2*l, -3*f + 272 = 2*l. Calculate the remainder when f is divided by o.
16
Let t(c) = c**2 + 17*c - 14. Let o be t(-18). Suppose -552 = o*k + 4*v, 3*v + 139 = -k + v. Calculate the remainder when 1/(2 + 273/k) is divided by 35.
32
Let c(b) = -1 - 2 - 4*b + 9 + 5*b - 3. Let w = -4 + 10. Calculate the remainder when 16 is divided by c(w).
7
Let o(f) = 23*f - 271. What is the remainder when 556 is divided by o(14)?
46
Let q = -2048 + 2102. What is the remainder when 1133 is divided by q?
53
Let t be 28/6*-3 + 0. Suppose -3*h = -2*h + 5 + 6, -4*d = -5*h - 259. What is the remainder when d is divided by (t/(-3))/((-2)/(-6))?
9
Suppose 3*f + 16 = 5*r, 5*f = -5*r + 4*f + 28. Suppose -3*c + 4 = 3*z - 26, r*c + z - 58 = 0. What is the remainder when 54 is divided by c?
6
Suppose 4*j - 2*q - 348 = 3084, -5*j = -q - 4296. Calculate the remainder when j is divided by 36.
32
Suppose 14*n = -9*n + 10350. Suppose 0 = -3*b - m + 343, -4*b - 2*m + n = 3*m. Calculate the remainder when b is divided by 58.
57
Let n(y) = 2*y**3 - 9*y + 14. Suppose -48*w = -58*w + 30. Let p(a) = 2*a**2 - 7*a. Calculate the remainder when n(w) is divided by p(5).
11
Let d = -19755 - -19857. Calculate the remainder when 677 is divided by d.
65
Let m be (-23)/((2 - 3)/2). Let w = m - 43. Suppose 3*g - 42 = -3*h, 4*g + 4*h - 23 = w*g. Calculate the remainder when 20 is divided by g.
9
What is the remainder when (17 - 49) + (285 - 11) is divided by (-185)/(-3) + 1/3?
56
Let k(f) = 4*f - 3. Let g be 3*(-2)/6 - -69*1. Let t be (g/51)/((-2)/(-9)). What is the remainder when 38 is divided by k(t)?
17
Let k = -30 - -32. Suppose -2*x + 4*x - 2 = k*z, 5*x = 4*z + 7. Suppose 1209 = z*v + 11*v. What is the remainder when v is divided by 16?
13
Let g(w) = w + 13. Let r be g(-10). Suppose -r*p + 8*p = 160. Calculate the remainder when p is divided by 156/(-182)*(-1)/3 + (-145)/(-7).
11
Let j = 248 + -47. Let t = j + -171. What is the remainder when 119 is divided by t?
29
Let q(n) = -5*n + 58. Let z = -1440 + 1484. What is the remainder when z is divided by q(9)?
5
What is the remainder when (1 - 2 - -7)/((-452)/(-27346)) is divided by 111?
30
Suppose -60*b = -15*b - 5635 - 2735. What is the remainder when 1468 is divided by b?
166
Suppose 30 = 2*q + 3*q. Suppose x - 19 = -4*v, 26 = 8*x - q*x + 2*v. Let s = 3 - -1. Calculate the remainder when x is divided by s.
3
Calculate the remainder when (-1 + 2903)/((-4)/(-3 - -1)) is divided by 290.
1
Suppose -4*o = 3*d - 5*o + 565, -5*o = -3*d - 557. Let p = -136 - d. What is the remainder when p is divided by 11?
9
Suppose 0 = -40*g + 1274 + 1046. What is the remainder when 190 is divided by g?
16
Suppose 0 = -16*d + 17*d - 8, 2*d + 74 = 3*x. What is the remainder when 395 is divided by x?
5
Let c(n) = n - 3. Let k = -36 + 39. Let d be c(k). Suppose d = -t + 5 + 10. Calculate the remainder when 87 is divided by t.
12
Let g(r) be the second derivative of -2/3*r**3 + 0 + 1/4*r**4 - 7/2*r**2 - 33*r + 1/20*r**5. Calculate the remainder when 33 is divided by g(-3).
3
Suppose 5*l + 2*k = 967, 5*k = -4*l + 658 + 136. What is the remainder when 1706 is divided by l?
178
Let l be (18/(-24))/1 + 245/(-4). Let c = l + 118. Calculate the remainder when c is divided by 19.
18
Suppose -3*t = 2*j - 2848 - 1315, -5*t - j = -6950. What is the remainder when t is divided by 24?
23
Suppose -2*s - 20*z + 102 = -23*z, -5*z = 2*s - 54. Calculate the remainder when s is divided by 28.
14
Suppose 27 = 32*j - 549. Let t(q) = 6*q**2 + 6*q - 1. What is the remainder when t(-3) is divided by j?
17
Suppose 36*r - 137*r = 83*r - 3680. Calculate the remainder when 182 is divided by r.
2
Suppose 0 = -32*x - 834242 + 834434. Suppose -s = -3 - 4. Calculate the remainder when s is divided by x.
1
Let o(k) = k**3 - 14*k**2 - 41*k + 174. Calculate the remainder when 131 is divided by o(16).
11
Suppose 29 = -2*m + 3*m. What is the remainder when -7*(-72)/3 - (3 - 3)/(-2) is divided by m?
23
Let l(j) = -j**2 + 168. Suppose 7 = -2*w - 25. Let o = -11 - w. What is the remainder when l(12) is divided by o?
4
Let y = -9477 + 9548. Calculate the remainder when y is divided by 69.
2
Let m(l) = l**3 + 41*l**2 + 177*l - 89. Suppose 0 = 2*o - 63 - 3. Calculate the remainder when o is divided by m(-36).
14
Let o(a) = -a**3 + 17*a**2 - 39*a - 17. What is the remainder when 91 is divided by o(14)?
16
Let j(t) = t**3 - 24*t**2 + t - 50. Let b(h) = h**3 - 24*h**2 + h - 51. Let r(a) = -4*b(a) + 3*j(a). Calculate the remainder when 177 is divided by r(24).
27
Let x be -3 - ((-9)/6 - 45/(-6)). Let t(c) = -20*c + 31. What is the remainder when t(x) is divided by 107?
104
Let f = -7586 + 7641. Calculate the remainder when 2